[INFO] cloning repository https://github.com/DankBSD/configurate
[INFO] running `Command { std: "git" "-c" "credential.helper=" "-c" "credential.helper=/workspace/cargo-home/bin/git-credential-null" "clone" "--bare" "https://github.com/DankBSD/configurate" "/workspace/cache/git-repos/https%3A%2F%2Fgithub.com%2FDankBSD%2Fconfigurate", kill_on_drop: false }`
[INFO] [stderr] Cloning into bare repository '/workspace/cache/git-repos/https%3A%2F%2Fgithub.com%2FDankBSD%2Fconfigurate'...
[INFO] running `Command { std: "git" "rev-parse" "HEAD", kill_on_drop: false }`
[INFO] [stdout] b23270eef35c4f449d75b73a3edf642190fb908e
[INFO] checking DankBSD/configurate against master#af3c6e733a40e671550e0f0f5aeecaa13772ba56 for pr-74989
[INFO] running `Command { std: "git" "clone" "/workspace/cache/git-repos/https%3A%2F%2Fgithub.com%2FDankBSD%2Fconfigurate" "/workspace/builds/worker-3/source", kill_on_drop: false }`
[INFO] [stderr] Cloning into '/workspace/builds/worker-3/source'...
[INFO] [stderr] done.
[INFO] validating manifest of git repo https://github.com/DankBSD/configurate on toolchain af3c6e733a40e671550e0f0f5aeecaa13772ba56
[INFO] running `Command { std: "/workspace/cargo-home/bin/cargo" "+af3c6e733a40e671550e0f0f5aeecaa13772ba56" "read-manifest" "--manifest-path" "Cargo.toml", kill_on_drop: false }`
[INFO] started tweaking git repo https://github.com/DankBSD/configurate
[INFO] finished tweaking git repo https://github.com/DankBSD/configurate
[INFO] tweaked toml for git repo https://github.com/DankBSD/configurate written to /workspace/builds/worker-3/source/Cargo.toml
[INFO] crate git repo https://github.com/DankBSD/configurate already has a lockfile, it will not be regenerated
[INFO] running `Command { std: "/workspace/cargo-home/bin/cargo" "+af3c6e733a40e671550e0f0f5aeecaa13772ba56" "fetch" "--locked" "--manifest-path" "Cargo.toml", kill_on_drop: false }`
[INFO] running `Command { std: "docker" "create" "-v" "/var/lib/crater-agent-workspace/builds/worker-3/target:/opt/rustwide/target:rw,Z" "-v" "/var/lib/crater-agent-workspace/builds/worker-3/source:/opt/rustwide/workdir:ro,Z" "-v" "/var/lib/crater-agent-workspace/cargo-home:/opt/rustwide/cargo-home:ro,Z" "-v" "/var/lib/crater-agent-workspace/rustup-home:/opt/rustwide/rustup-home:ro,Z" "-e" "SOURCE_DIR=/opt/rustwide/workdir" "-e" "CARGO_TARGET_DIR=/opt/rustwide/target" "-e" "CARGO_HOME=/opt/rustwide/cargo-home" "-e" "RUSTUP_HOME=/opt/rustwide/rustup-home" "-w" "/opt/rustwide/workdir" "-m" "1610612736" "--user" "0:0" "--network" "none" "rustops/crates-build-env@sha256:d92eaeed33fa75130ca1ee6c8a01d1ffb62bac859dfdfb3450e3e5d1c0146529" "/opt/rustwide/cargo-home/bin/cargo" "+af3c6e733a40e671550e0f0f5aeecaa13772ba56" "metadata" "--no-deps" "--format-version=1", kill_on_drop: false }`
[INFO] [stderr] WARNING: Your kernel does not support swap limit capabilities or the cgroup is not mounted. Memory limited without swap.
[INFO] [stdout] 680c8027898b180ef0e1258af982d1299f201724ba04678846434fedaabf19b1
[INFO] running `Command { std: "docker" "start" "-a" "680c8027898b180ef0e1258af982d1299f201724ba04678846434fedaabf19b1", kill_on_drop: false }`
[INFO] running `Command { std: "docker" "inspect" "680c8027898b180ef0e1258af982d1299f201724ba04678846434fedaabf19b1", kill_on_drop: false }`
[INFO] running `Command { std: "docker" "rm" "-f" "680c8027898b180ef0e1258af982d1299f201724ba04678846434fedaabf19b1", kill_on_drop: false }`
[INFO] [stdout] 680c8027898b180ef0e1258af982d1299f201724ba04678846434fedaabf19b1
[INFO] running `Command { std: "docker" "create" "-v" "/var/lib/crater-agent-workspace/builds/worker-3/target:/opt/rustwide/target:rw,Z" "-v" "/var/lib/crater-agent-workspace/builds/worker-3/source:/opt/rustwide/workdir:ro,Z" "-v" "/var/lib/crater-agent-workspace/cargo-home:/opt/rustwide/cargo-home:ro,Z" "-v" "/var/lib/crater-agent-workspace/rustup-home:/opt/rustwide/rustup-home:ro,Z" "-e" "SOURCE_DIR=/opt/rustwide/workdir" "-e" "CARGO_TARGET_DIR=/opt/rustwide/target" "-e" "CARGO_INCREMENTAL=0" "-e" "RUST_BACKTRACE=full" "-e" "RUSTFLAGS=--cap-lints=forbid" "-e" "CARGO_HOME=/opt/rustwide/cargo-home" "-e" "RUSTUP_HOME=/opt/rustwide/rustup-home" "-w" "/opt/rustwide/workdir" "-m" "1610612736" "--user" "0:0" "--network" "none" "rustops/crates-build-env@sha256:d92eaeed33fa75130ca1ee6c8a01d1ffb62bac859dfdfb3450e3e5d1c0146529" "/opt/rustwide/cargo-home/bin/cargo" "+af3c6e733a40e671550e0f0f5aeecaa13772ba56" "check" "--frozen" "--all" "--all-targets" "--message-format=json", kill_on_drop: false }`
[INFO] [stderr] WARNING: Your kernel does not support swap limit capabilities or the cgroup is not mounted. Memory limited without swap.
[INFO] [stdout] 3f3ed15e0c7c55d2bb7ac8f53ec05ff8052a6bdb30edff6e30587bbd3e89dcd6
[INFO] running `Command { std: "docker" "start" "-a" "3f3ed15e0c7c55d2bb7ac8f53ec05ff8052a6bdb30edff6e30587bbd3e89dcd6", kill_on_drop: false }`
[INFO] [stderr]    Compiling unicode-xid v0.2.0
[INFO] [stderr]    Compiling libc v0.2.71
[INFO] [stderr]    Compiling syn v1.0.31
[INFO] [stderr]    Compiling getrandom v0.1.14
[INFO] [stderr]     Checking cfg-if v0.1.10
[INFO] [stderr]    Compiling serde v1.0.111
[INFO] [stderr]     Checking ppv-lite86 v0.2.8
[INFO] [stderr]    Compiling proc-macro2 v1.0.18
[INFO] [stderr]    Compiling quote v1.0.7
[INFO] [stderr]     Checking rand_core v0.5.1
[INFO] [stderr]     Checking rand_chacha v0.2.2
[INFO] [stderr]     Checking rand v0.7.3
[INFO] [stderr]    Compiling serde_derive v1.0.111
[INFO] [stderr]     Checking uuid v0.8.1
[INFO] [stderr]     Checking toml v0.5.6
[INFO] [stderr]     Checking configurate v0.1.0 (/opt/rustwide/workdir)
[INFO] [stdout] error[E0425]: cannot find function `sysctlnametomib` in crate `libc`
[INFO] [stdout]   --> src/sysctls.rs:97:23
[INFO] [stdout]    |
[INFO] [stdout] 97 |     if unsafe { libc::sysctlnametomib(name_c.as_ptr(), &mut mib[0], &mut len) } != 0 {
[INFO] [stdout]    |                       ^^^^^^^^^^^^^^^ not found in `libc`
[INFO] [stdout] 
[INFO] [stdout] 
[INFO] [stdout] error[E0425]: cannot find value `CTL_KERN` in crate `libc`
[INFO] [stdout]   --> src/main.rs:54:17
[INFO] [stdout]    |
[INFO] [stdout] 54 |         &[libc::CTL_KERN, libc::KERN_HOSTUUID],
[INFO] [stdout]    |                 ^^^^^^^^ not found in `libc`
[INFO] [stdout] 
[INFO] [stdout] 
[INFO] [stdout] error[E0425]: cannot find value `KERN_HOSTUUID` in crate `libc`
[INFO] [stdout]   --> src/main.rs:54:33
[INFO] [stdout]    |
[INFO] [stdout] 54 |         &[libc::CTL_KERN, libc::KERN_HOSTUUID],
[INFO] [stdout]    |                                 ^^^^^^^^^^^^^ not found in `libc`
[INFO] [stdout] 
[INFO] [stdout] 
[INFO] [stdout] error[E0425]: cannot find value `CTL_KERN` in crate `libc`
[INFO] [stdout]   --> src/main.rs:59:17
[INFO] [stdout]    |
[INFO] [stdout] 59 |         &[libc::CTL_KERN, libc::KERN_HOSTID],
[INFO] [stdout]    |                 ^^^^^^^^ not found in `libc`
[INFO] [stdout] 
[INFO] [stdout] 
[INFO] [stdout] error[E0425]: cannot find value `KERN_HOSTID` in crate `libc`
[INFO] [stdout]   --> src/main.rs:59:33
[INFO] [stdout]    |
[INFO] [stdout] 59 |         &[libc::CTL_KERN, libc::KERN_HOSTID],
[INFO] [stdout]    |                                 ^^^^^^^^^^^ not found in `libc`
[INFO] [stdout] 
[INFO] [stdout] 
[INFO] [stdout] error[E0425]: cannot find function `sysctlnametomib` in crate `libc`
[INFO] [stdout]   --> src/sysctls.rs:97:23
[INFO] [stdout]    |
[INFO] [stdout] 97 |     if unsafe { libc::sysctlnametomib(name_c.as_ptr(), &mut mib[0], &mut len) } != 0 {
[INFO] [stdout]    |                       ^^^^^^^^^^^^^^^ not found in `libc`
[INFO] [stdout] 
[INFO] [stdout] 
[INFO] [stdout] error[E0425]: cannot find value `CTL_KERN` in crate `libc`
[INFO] [stdout]   --> src/main.rs:54:17
[INFO] [stdout]    |
[INFO] [stdout] 54 |         &[libc::CTL_KERN, libc::KERN_HOSTUUID],
[INFO] [stdout]    |                 ^^^^^^^^ not found in `libc`
[INFO] [stdout] 
[INFO] [stdout] 
[INFO] [stdout] error[E0425]: cannot find value `KERN_HOSTUUID` in crate `libc`
[INFO] [stdout]   --> src/main.rs:54:33
[INFO] [stdout]    |
[INFO] [stdout] 54 |         &[libc::CTL_KERN, libc::KERN_HOSTUUID],
[INFO] [stdout]    |                                 ^^^^^^^^^^^^^ not found in `libc`
[INFO] [stdout] 
[INFO] [stdout] 
[INFO] [stdout] error[E0425]: cannot find value `CTL_KERN` in crate `libc`
[INFO] [stdout]   --> src/main.rs:59:17
[INFO] [stdout]    |
[INFO] [stdout] 59 |         &[libc::CTL_KERN, libc::KERN_HOSTID],
[INFO] [stdout]    |                 ^^^^^^^^ not found in `libc`
[INFO] [stdout] 
[INFO] [stdout] 
[INFO] [stdout] error[E0425]: cannot find value `KERN_HOSTID` in crate `libc`
[INFO] [stdout]   --> src/main.rs:59:33
[INFO] [stdout]    |
[INFO] [stdout] 59 |         &[libc::CTL_KERN, libc::KERN_HOSTID],
[INFO] [stdout]    |                                 ^^^^^^^^^^^ not found in `libc`
[INFO] [stdout] 
[INFO] [stdout] 
[INFO] [stdout] error[E0308]: mismatched types
[INFO] [stdout]    --> src/sysctls.rs:107:13
[INFO] [stdout]     |
[INFO] [stdout] 107 |             qmib.as_ptr(),
[INFO] [stdout]     |             ^^^^^^^^^^^^^ types differ in mutability
[INFO] [stdout]     |
[INFO] [stdout]     = note: expected raw pointer `*mut i32`
[INFO] [stdout]                found raw pointer `*const i32`
[INFO] [stdout] 
[INFO] [stdout] 
[INFO] [stdout] error[E0308]: mismatched types
[INFO] [stdout]    --> src/sysctls.rs:111:13
[INFO] [stdout]     |
[INFO] [stdout] 111 |             ptr::null(),
[INFO] [stdout]     |             ^^^^^^^^^^^ types differ in mutability
[INFO] [stdout]     |
[INFO] [stdout]     = note: expected raw pointer `*mut c_void`
[INFO] [stdout]                found raw pointer `*const _`
[INFO] [stdout] 
[INFO] [stdout] 
[INFO] [stdout] error[E0308]: mismatched types
[INFO] [stdout]    --> src/sysctls.rs:107:13
[INFO] [stdout]     |
[INFO] [stdout] 107 |             qmib.as_ptr(),
[INFO] [stdout]     |             ^^^^^^^^^^^^^ types differ in mutability
[INFO] [stdout]     |
[INFO] [stdout]     = note: expected raw pointer `*mut i32`
[INFO] [stdout]                found raw pointer `*const i32`
[INFO] [stdout] 
[INFO] [stdout] 
[INFO] [stdout] error[E0308]: mismatched types
[INFO] [stdout]    --> src/sysctls.rs:154:13
[INFO] [stdout]     |
[INFO] [stdout] 154 |             mib.as_ptr(),
[INFO] [stdout]     |             ^^^^^^^^^^^^ types differ in mutability
[INFO] [stdout]     |
[INFO] [stdout]     = note: expected raw pointer `*mut i32`
[INFO] [stdout]                found raw pointer `*const i32`
[INFO] [stdout] 
[INFO] [stdout] 
[INFO] [stdout] error[E0308]: mismatched types
[INFO] [stdout]    --> src/sysctls.rs:158:13
[INFO] [stdout]     |
[INFO] [stdout] 158 |             cstr.as_ptr() as *const libc::c_void,
[INFO] [stdout]     |             ^^^^^^^^^^^^^^^^^^^^^^^^^^^^^^^^^^^^ types differ in mutability
[INFO] [stdout]     |
[INFO] [stdout]     = note: expected raw pointer `*mut c_void`
[INFO] [stdout]                found raw pointer `*const c_void`
[INFO] [stdout] 
[INFO] [stdout] 
[INFO] [stdout] error[E0308]: mismatched types
[INFO] [stdout]    --> src/sysctls.rs:111:13
[INFO] [stdout]     |
[INFO] [stdout] 111 |             ptr::null(),
[INFO] [stdout]     |             ^^^^^^^^^^^ types differ in mutability
[INFO] [stdout]     |
[INFO] [stdout]     = note: expected raw pointer `*mut c_void`
[INFO] [stdout]                found raw pointer `*const _`
[INFO] [stdout] 
[INFO] [stdout] 
[INFO] [stdout] error[E0308]: mismatched types
[INFO] [stdout]    --> src/sysctls.rs:167:13
[INFO] [stdout]     |
[INFO] [stdout] 167 |             mib.as_ptr(),
[INFO] [stdout]     |             ^^^^^^^^^^^^ types differ in mutability
[INFO] [stdout]     |
[INFO] [stdout]     = note: expected raw pointer `*mut i32`
[INFO] [stdout]                found raw pointer `*const i32`
[INFO] [stdout] 
[INFO] [stdout] 
[INFO] [stdout] error[E0308]: mismatched types
[INFO] [stdout]    --> src/sysctls.rs:154:13
[INFO] [stdout]     |
[INFO] [stdout] 154 |             mib.as_ptr(),
[INFO] [stdout]     |             ^^^^^^^^^^^^ types differ in mutability
[INFO] [stdout]     |
[INFO] [stdout]     = note: expected raw pointer `*mut i32`
[INFO] [stdout]                found raw pointer `*const i32`
[INFO] [stdout] 
[INFO] [stdout] 
[INFO] [stdout] error[E0308]: mismatched types
[INFO] [stdout]    --> src/sysctls.rs:171:13
[INFO] [stdout]     |
[INFO] [stdout] 171 |             &value as *const _ as *const libc::c_void,
[INFO] [stdout]     |             ^^^^^^^^^^^^^^^^^^^^^^^^^^^^^^^^^^^^^^^^^ types differ in mutability
[INFO] [stdout]     |
[INFO] [stdout]     = note: expected raw pointer `*mut c_void`
[INFO] [stdout]                found raw pointer `*const c_void`
[INFO] [stdout] 
[INFO] [stdout] 
[INFO] [stdout] error: aborting due to 11 previous errors
[INFO] [stdout] 
[INFO] [stdout] 
[INFO] [stdout] Some errors have detailed explanations: E0308, E0425.
[INFO] [stdout] 
[INFO] [stdout] For more information about an error, try `rustc --explain E0308`.
[INFO] [stdout] 
[INFO] [stderr] error: could not compile `configurate`.
[INFO] [stderr] 
[INFO] [stderr] To learn more, run the command again with --verbose.
[INFO] [stderr] warning: build failed, waiting for other jobs to finish...
[INFO] [stdout] error[E0308]: mismatched types
[INFO] [stdout]    --> src/sysctls.rs:158:13
[INFO] [stdout]     |
[INFO] [stdout] 158 |             cstr.as_ptr() as *const libc::c_void,
[INFO] [stdout]     |             ^^^^^^^^^^^^^^^^^^^^^^^^^^^^^^^^^^^^ types differ in mutability
[INFO] [stdout]     |
[INFO] [stdout]     = note: expected raw pointer `*mut c_void`
[INFO] [stdout]                found raw pointer `*const c_void`
[INFO] [stdout] 
[INFO] [stdout] 
[INFO] [stdout] error[E0308]: mismatched types
[INFO] [stdout]    --> src/sysctls.rs:167:13
[INFO] [stdout]     |
[INFO] [stdout] 167 |             mib.as_ptr(),
[INFO] [stdout]     |             ^^^^^^^^^^^^ types differ in mutability
[INFO] [stdout]     |
[INFO] [stdout]     = note: expected raw pointer `*mut i32`
[INFO] [stdout]                found raw pointer `*const i32`
[INFO] [stdout] 
[INFO] [stdout] 
[INFO] [stdout] error[E0308]: mismatched types
[INFO] [stdout]    --> src/sysctls.rs:171:13
[INFO] [stdout]     |
[INFO] [stdout] 171 |             &value as *const _ as *const libc::c_void,
[INFO] [stdout]     |             ^^^^^^^^^^^^^^^^^^^^^^^^^^^^^^^^^^^^^^^^^ types differ in mutability
[INFO] [stdout]     |
[INFO] [stdout]     = note: expected raw pointer `*mut c_void`
[INFO] [stdout]                found raw pointer `*const c_void`
[INFO] [stdout] 
[INFO] [stdout] 
[INFO] [stdout] error: aborting due to 11 previous errors
[INFO] [stdout] 
[INFO] [stdout] 
[INFO] [stdout] Some errors have detailed explanations: E0308, E0425.
[INFO] [stdout] 
[INFO] [stdout] For more information about an error, try `rustc --explain E0308`.
[INFO] [stdout] 
[INFO] [stderr] error: build failed
[INFO] running `Command { std: "docker" "inspect" "3f3ed15e0c7c55d2bb7ac8f53ec05ff8052a6bdb30edff6e30587bbd3e89dcd6", kill_on_drop: false }`
[INFO] running `Command { std: "docker" "rm" "-f" "3f3ed15e0c7c55d2bb7ac8f53ec05ff8052a6bdb30edff6e30587bbd3e89dcd6", kill_on_drop: false }`
[INFO] [stdout] 3f3ed15e0c7c55d2bb7ac8f53ec05ff8052a6bdb30edff6e30587bbd3e89dcd6
